 be d(-4). What is the hundreds digit of (1 + 2962/i)/(82/123)?
7
Let c be ((-66)/(-27) - 2) + 1748/36. Suppose 0 = -48*w + c*w - 640. What is the tens digit of w?
4
Let v(g) = 24*g**2 - 196*g - 1972. What is the thousands digit of v(-10)?
2
Let h(k) = 7*k + 84. Let g(b) = -1. Let z(w) = -35*g(w) - h(w). Let a be z(-8). Suppose -a*y + 203 = -3*y + 5*q, -3*q = 5*y - 270. What is the tens digit of y?
5
Suppose 3*l + 11 - 2 = 0, 2*l + 618 = 4*s. Suppose -19*m - 1213 = 535. Let d = m + s. What is the tens digit of d?
6
Let u = 167 - -1921. What is the hundreds digit of u?
0
Suppose 62*w - 36*w + 15783 - 77949 = 0. What is the units digit of w?
1
Suppose -t + 21*r + 8148 = 17*r, -6*t - r = -48938. What is the units digit of t?
6
Let n(y) be the first derivative of 33*y**2/2 - 141*y - 123. What is the tens digit of n(18)?
5
Let n(v) = -6*v**3 - v**2 + 16*v - 11. What is the units digit of n(-8)?
9
Let q be (1 + 6)*(-5 + (-82)/(-14)). Let b(g) = -21*g + 257. What is the units digit of b(q)?
1
Let w(l) = 14*l**2 - 26*l - 660. What is the thousands digit of w(35)?
5
Let k(t) = -t**2 - 52*t + 35. Suppose -189 = 8*c + c. What is the tens digit of k(c)?
8
Let j be 208/32 + (-6)/4. Suppose 2*q = -5*n + 2, -5*n = -q + j*q - 4. Suppose n*l = l - 68. What is the units digit of l?
8
Let m = 411 - 528. Let r = 556 - m. What is the units digit of r?
3
Suppose 278 = -6*d - 82. Let w = 65 + d. Suppose 4*y = 3*p + 173, -8 - 17 = -w*p. What is the units digit of y?
7
Let v(m) = -202*m**3 + 5*m**2 - 6*m - 11. Let r(u) = -405*u**3 + 11*u**2 - 13*u - 25. Let c(g) = 4*r(g) - 9*v(g). What is the units digit of c(1)?
8
Let g(r) = -r + 3. Let m be g(8). Let n be -7*m/(175/(-10)). What is the units digit of (-7)/n + 3/(-2)?
2
Let a be (481/74)/((-1)/(-74)). Let x = 979 - a. What is the tens digit of x?
9
Suppose -2*r = -4*r. Suppose h - z - 24 = -2*h, -3*h - 5*z + 42 = r. What is the units digit of h?
9
Let q = 80 - 74. Let w be -6 + (8 - (-3 + 7)). What is the tens digit of 194 + w/q*-6?
9
Suppose -3*g + 0*g + 311 = 2*d, g + 4*d - 117 = 0. Suppose 9*r - 10*r + 10 = 0. Let v = g - r. What is the tens digit of v?
9
Let z(q) = q**2 - 6*q - 35. Let g be z(10). Suppose 110 = b - 2*r, -g*b - 4*r + 290 = -2*b. What is the tens digit of b?
0
Let y(o) = 167*o**2 - 19*o. Let v be y(-8). What is the units digit of 50/(-225) - (v/(-18) + -1)?
3
Suppose 2*b - 3*y = -141, 0 = -22*b + 21*b - 4*y - 43. Let h = b + 371. What is the hundreds digit of h?
3
Suppose l - 2*n - 6 + 2 = 0, 5*l - 32 = -2*n. Let p be l/24*-4 - (-1 + -192). Suppose 29*q - p = 27*q. What is the tens digit of q?
9
Let a be (-5)/25 - (-2)/10. What is the thousands digit of 1/(5/6050 + a)?
1
Let s = 10490 - 6695. What is the tens digit of s?
9
Suppose 0 = j - 5*u - 5575, -4*j - u = -11545 - 10734. What is the hundreds digit of j?
5
Suppose -28*z + 4512 = -25*z - 5*k, 2*z - k - 3015 = 0. What is the hundreds digit of z?
5
Suppose 42*x - 71495 = 39*x - 4*h, 2*h - 95330 = -4*x. What is the ten thousands digit of x?
2
Let d(f) = -f**3 + 6*f**2 + f - 4. Let a(s) = -s - 1. Let v(z) = -6*a(z) - d(z). Let m be v(5). Suppose -864 = -m*k + k. What is the units digit of k?
6
What is the thousands digit of (-234128)/(-22) + 52/(-2574)*9?
0
Let z = 182 + -169. Let o(g) = g**2 + 8*g. What is the units digit of o(z)?
3
Let g = 4902 - 2438. Suppose 5*t = -3*f + g, 2*f - 4*t = -2*t + 1648. What is the units digit of f?
3
Let w(o) = 9*o + 75. What is the units digit of w(71)?
4
What is the units digit of 195985/11 + (-48)/(-264) - -12?
9
Let z be ((-40656)/(-70))/(3/10). Suppose 3*h + h = -3*p + 1932, 4*h + 4*p - z = 0. What is the hundreds digit of h?
4
Let t be 652/(-3)*180/40. Let n = 1288 + t. What is the tens digit of n?
1
Let l = -7111 - -8516. What is the units digit of l?
5
Suppose -1079*y + 1075*y - 16 = 0. What is the units digit of -945*3/6*y/3?
0
Suppose -2*a = -d + 343 - 5372, 5*d - 5011 = -2*a. What is the thousands digit of a?
2
Let m(k) = -k**2 + 235*k + 137. What is the thousands digit of m(53)?
9
Let a = -25 + 30. Suppose 4*u = a - 21, -5*u = -n + 89. What is the tens digit of n?
6
Let o(l) = -l**2 - 5*l**3 - 4 - 1 - l**2. Let n = 4128 - 4131. What is the tens digit of o(n)?
1
Let a(i) = 3*i - 30. Let s be a(18). Let c = s + -19. Suppose 3*u - 1296 = -c*u. What is the units digit of u?
2
Let q(t) = -17*t**3 - 13*t**2 + 25*t + 118. What is the thousands digit of q(-5)?
1
Let c(d) = 7*d**2 - 28*d + 5. Let q be c(4). Suppose 1036 = q*u - 114. What is the hundreds digit of u?
2
Let t(b) = 281*b - 476. What is the tens digit of t(22)?
0
Let i = -25 + 20. Let d be (-1 + (-1)/i)/(2/10). What is the tens digit of (3 - -88)/(-3 - d) + -1?
9
Let v be (-36)/(-45)*(-10)/4. Let u(n) = 28*n**2 - 5*n - 1. Let y(m) = 29*m**2 - 4*m - 1. Let x(o) = v*u(o) + 3*y(o). What is the hundreds digit of x(-2)?
1
Let v = 92 + -77. Suppose 0*d + v = -d + 3*m, -3*m + 15 = 0. What is the tens digit of (24 - d)*(32/6)/2?
6
Let l(r) = -50*r - 45. Let t be l(-1). Suppose 0 = i - t*f - 233, i - 250 + 21 = 3*f. What is the units digit of i?
3
Let c(n) = -n**3 + 5*n**2 + 19*n - 67. Let a be c(7). What is the tens digit of (294/(-9))/((a/(-408))/(-2))?
3
Let g = -31222 - -61657. What is the hundreds digit of g?
4
Suppose 0 = -5*j - 4*j. Suppose r = -2*v + 2226, j = -0*v + 4*v - 3*r - 4432. What is the thousands digit of v?
1
Let y = 370 - 131. Suppose -4*l - 4*v - 324 = 0, -2*l - 4*v - y = l. Let m = -42 - l. What is the units digit of m?
3
Suppose -2*t - 3*i = -11007, -i + 11 = 16. What is the tens digit of t?
1
Suppose 17*d = 136 - 0. Suppose -2*w + 634 = -4*y + d*y, 4*y = 4*w + 664. What is the units digit of y?
1
Let y(u) be the second derivative of 21/2*u**2 + 3*u - 2/3*u**4 - 7/2*u**3 + 0 + 1/20*u**5. What is the hundreds digit of y(11)?
1
Let a = -5196 - -8871. What is the tens digit of a?
7
Let x(r) = r**3 + 16*r**2 + 8*r + 25. Suppose 3*a + 5*j + 52 = 0, -2*a - j = 2*j + 34. What is the hundreds digit of x(a)?
3
Let n = 7424 + -3733. What is the tens digit of n?
9
Let s(d) = 15*d**2 - 3*d + 324. What is the thousands digit of s(25)?
9
Let n = 145 + -58. Let x = n - -34. What is the units digit of x?
1
Suppose 8*x - 10*x + 10 = 0. Suppose -1166 = -4*r + 2*s, x*s + 1650 = 4*r + 493. Suppose -2*a + 2*u + 172 = -0*a, 4*u - r = -3*a. What is the units digit of a?
1
Let r(g) = 7*g**2 - 264*g + 282. What is the thousands digit of r(-52)?
2
Let c = -21614 + 31318. What is the thousands digit of c?
9
Let g be 125/20 - (2/8 - -1). Suppose 0 = g*k - 10*k + 25, n + k - 60 = 0. What is the units digit of n?
5
What is the hundreds digit of (9/(-3) - (-2717)/(-76))/(13/(-9412))?
0
Suppose -10387 = -36*d + 134413 + 76780. What is the units digit of d?
5
Let q be (-409)/7 - (-60)/(-105). Let a = 61 + q. Suppose -g + a*p - 53 + 266 = 0, -2*g = -p - 411. What is the units digit of g?
3
Suppose 10*y + 25964 = 14*y. What is the tens digit of y?
9
Suppose 8513 - 54175 = -2*z - 2*u, -3*u = -2*z + 45627. What is the hundreds digit of z?
8
Let c(p) be the second derivative of p**4/6 - 15*p**3/2 - 5*p**2 + 228*p. What is the thousands digit of c(-14)?
1
Let t = -581 - -521. What is the units digit of t/9*-26*(-231)/(-35)?
4
Let y(x) = x**3 + 10*x**2 + 18. Let l be y(-10). Let f = l + -23. What is the units digit of (-72)/90*f/2?
2
Suppose -3*n + 23096 = -4*q, 0 = 8*n - 4*n - 3*q - 30797. Suppose 0*u - n = -28*u. What is the units digit of u?
5
Suppose -m - 22 = -5*x, 2*m + 2*m = 12. Let j(s) = 8*s**2 - 13. Let z(y) = 7*y**2 - y - 14. Let q(w) = -5*j(w) + 6*z(w). What is the units digit of q(x)?
1
Let g(i) = -i**3 - 15*i**2 - 16*i + 22. Let w be g(-13). Let h(o) = o**3 + 10*o**2 + 9*o - 9. Let d be h(-9). What is the units digit of ((-12)/d)/((-3)/w)?
8
Let u = 149 - 55. Let h = u - 53. What is the units digit of h?
1
What is the ten thousands digit of (-2)/(-4) - ((-68751)/2 - -15)?
3
Let a(k) = -4*k**2 - 7. Let w(o) = -5*o**2 + o - 10. Let c(g) = -8*a(g) + 5*w(g). Let s be (6/(-5))/((-9)/(-30)). What is the tens digit of c(s)?
9
What is the ten thousands digit of 6/45 + (-49183472)/(-1560)?
3
Let r = 16851 - 10311. What is the hundreds digit of r?
5
Let u = -328 + 722. Let y = -39 + u. What is the hundreds digit of y?
3
Let v be (-9)/8 - (-12)/96. What is the tens dig